{"id":24,"date":"2024-07-17T18:25:58","date_gmt":"2024-07-17T18:25:58","guid":{"rendered":"https:\/\/holtwilgaard.dk\/?page_id=24"},"modified":"2026-01-09T16:00:07","modified_gmt":"2026-01-09T16:00:07","slug":"hjem","status":"publish","type":"page","link":"https:\/\/holtwilgaard.dk\/","title":{"rendered":"Hjem"},"content":{"rendered":"\t\t<div data-elementor-type=\"wp-page\" data-elementor-id=\"24\" class=\"elementor elementor-24\">\n\t\t\t\t<div class=\"elementor-element elementor-element-76888bb e-flex e-con-boxed e-con e-parent\" data-id=\"76888bb\" data-element_type=\"container\" data-e-type=\"container\">\n\t\t\t\t\t<div class=\"e-con-inner\">\n\t\t\t\t\t<\/div>\n\t\t\t\t<\/div>\n\t\t<div class=\"elementor-element elementor-element-17feed9 e-flex e-con-boxed e-con e-parent\" data-id=\"17feed9\" data-element_type=\"container\" data-e-type=\"container\">\n\t\t\t\t\t<div class=\"e-con-inner\">\n\t\t\t\t<div class=\"elementor-element elementor-element-9e0363b elementor-widget elementor-widget-image\" data-id=\"9e0363b\" data-element_type=\"widget\" data-e-type=\"widget\" data-widget_type=\"image.default\">\n\t\t\t\t<div class=\"elementor-widget-container\">\n\t\t\t\t\t\t\t\t\t\t\t\t\t\t\t<img fetchpriority=\"high\" decoding=\"async\" width=\"750\" height=\"344\" src=\"https:\/\/holtwilgaard.dk\/wp-content\/uploads\/2025\/06\/FutureCrafting-Strategy-People-Structure-768x352.png\" class=\"attachment-medium_large size-medium_large wp-image-2840\" alt=\"Concept for Futurecrafting\" srcset=\"https:\/\/holtwilgaard.dk\/wp-content\/uploads\/2025\/06\/FutureCrafting-Strategy-People-Structure-768x352.png 768w, https:\/\/holtwilgaard.dk\/wp-content\/uploads\/2025\/06\/FutureCrafting-Strategy-People-Structure-300x137.png 300w, https:\/\/holtwilgaard.dk\/wp-content\/uploads\/2025\/06\/FutureCrafting-Strategy-People-Structure.png 1024w\" sizes=\"(max-width: 750px) 100vw, 750px\" \/>\t\t\t\t\t\t\t\t\t\t\t\t\t\t\t<\/div>\n\t\t\t\t<\/div>\n\t\t\t\t\t<\/div>\n\t\t\t\t<\/div>\n\t\t<div class=\"elementor-element elementor-element-1da6dda e-flex e-con-boxed e-con e-parent\" data-id=\"1da6dda\" data-element_type=\"container\" data-e-type=\"container\">\n\t\t\t\t\t<div class=\"e-con-inner\">\n\t\t\t\t<div class=\"elementor-element elementor-element-03bf3a6 elementor-widget elementor-widget-heading\" data-id=\"03bf3a6\" data-element_type=\"widget\" data-e-type=\"widget\" data-widget_type=\"heading.default\">\n\t\t\t\t<div class=\"elementor-widget-container\">\n\t\t\t\t\t<h5 class=\"elementor-heading-title elementor-size-default\">Hvis vi t\u00f8r t\u00e6nke anderledes<\/h5>\t\t\t\t<\/div>\n\t\t\t\t<\/div>\n\t\t\t\t\t<\/div>\n\t\t\t\t<\/div>\n\t\t<div class=\"elementor-element elementor-element-4b8e355 e-flex e-con-boxed e-con e-parent\" data-id=\"4b8e355\" data-element_type=\"container\" data-e-type=\"container\">\n\t\t\t\t\t<div class=\"e-con-inner\">\n\t\t\t\t<div class=\"elementor-element elementor-element-e9cfd0d elementor-widget elementor-widget-text-editor\" data-id=\"e9cfd0d\" data-element_type=\"widget\" data-e-type=\"widget\" data-widget_type=\"text-editor.default\">\n\t\t\t\t<div class=\"elementor-widget-container\">\n\t\t\t\t\t\t\t\t\t<p>&#8230;er der en verden af muligheder gemt udenfor. Men det kr\u00e6ver, at vi f\u00e5r genstartet nysgerrigheden og finder den unikke inspiration. Hos Holt Wilgaard udruster vi organisationer &#8211; b\u00e5de professionelt og personligt &#8211; til at s\u00f8ge og finde nye v\u00e6rdifulde indsigter.\u00a0<\/p><p><span style=\"font-size: inherit; text-align: var(--text-align);\">Kontakt os og h\u00f8r n\u00e6rmere&#8230;\u00a0<\/span><\/p>\t\t\t\t\t\t\t\t<\/div>\n\t\t\t\t<\/div>\n\t\t\t\t\t<\/div>\n\t\t\t\t<\/div>\n\t\t<div class=\"elementor-element elementor-element-c37b2a3 e-flex e-con-boxed e-con e-parent\" data-id=\"c37b2a3\" data-element_type=\"container\" data-e-type=\"container\">\n\t\t\t\t\t<div class=\"e-con-inner\">\n\t\t\t\t<div class=\"elementor-element elementor-element-0815b55 elementor-widget elementor-widget-video\" data-id=\"0815b55\" data-element_type=\"widget\" data-e-type=\"widget\" data-settings=\"{&quot;video_type&quot;:&quot;hosted&quot;,&quot;autoplay&quot;:&quot;yes&quot;,&quot;play_on_mobile&quot;:&quot;yes&quot;,&quot;mute&quot;:&quot;yes&quot;,&quot;loop&quot;:&quot;yes&quot;,&quot;controls&quot;:&quot;yes&quot;}\" data-widget_type=\"video.default\">\n\t\t\t\t<div class=\"elementor-widget-container\">\n\t\t\t\t\t\t\t<div class=\"e-hosted-video elementor-wrapper elementor-open-inline\">\n\t\t\t\t\t<video class=\"elementor-video\" src=\"https:\/\/holtwilgaard.dk\/wp-content\/uploads\/2025\/10\/FutureCrafting-Koncept.mp4\" autoplay=\"\" loop=\"\" controls=\"\" muted=\"muted\" playsinline=\"\" controlsList=\"nodownload\"><\/video>\n\t\t\t\t<\/div>\n\t\t\t\t\t\t<\/div>\n\t\t\t\t<\/div>\n\t\t\t\t\t<\/div>\n\t\t\t\t<\/div>\n\t\t<div class=\"elementor-element elementor-element-b3080df e-flex e-con-boxed e-con e-parent\" data-id=\"b3080df\" data-element_type=\"container\" data-e-type=\"container\">\n\t\t\t\t\t<div class=\"e-con-inner\">\n\t\t\t\t\t<\/div>\n\t\t\t\t<\/div>\n\t\t<div class=\"elementor-element elementor-element-17208bb e-flex e-con-boxed e-con e-parent\" data-id=\"17208bb\" data-element_type=\"container\" data-e-type=\"container\">\n\t\t\t\t\t<div class=\"e-con-inner\">\n\t\t\t\t<div class=\"elementor-element elementor-element-ef26cde elementor-widget elementor-widget-text-editor\" data-id=\"ef26cde\" data-element_type=\"widget\" data-e-type=\"widget\" data-widget_type=\"text-editor.default\">\n\t\t\t\t<div class=\"elementor-widget-container\">\n\t\t\t\t\t\t\t\t\t<p style=\"text-align: center;\"><span style=\"text-decoration: underline;\"><a href=\"https:\/\/holtwilgaard.dk\/index.php\/profiler\/\">Hvem st\u00e5r bag?<\/a><\/span><\/p>\t\t\t\t\t\t\t\t<\/div>\n\t\t\t\t<\/div>\n\t\t\t\t\t<\/div>\n\t\t\t\t<\/div>\n\t\t\t\t<\/div>\n\t\t","protected":false},"excerpt":{"rendered":"<p>Hvis vi t\u00f8r t\u00e6nke anderledes &#8230;er der en verden af muligheder gemt udenfor. Men det kr\u00e6ver, at vi f\u00e5r genstartet nysgerrigheden og finder den unikke inspiration. Hos Holt Wilgaard udruster vi organisationer &#8211; b\u00e5de professionelt og personligt &#8211; til at s\u00f8ge og finde nye v\u00e6rdifulde indsigter.\u00a0 Kontakt os og h\u00f8r [&hellip;]<\/p>\n","protected":false},"author":1,"featured_media":0,"parent":0,"menu_order":0,"comment_status":"closed","ping_status":"closed","template":"","meta":{"_uag_custom_page_level_css":"","footnotes":""},"class_list":["post-24","page","type-page","status-publish","hentry"],"yoast_head":"<!-- This site is optimized with the Yoast SEO plugin v27.4 - https:\/\/yoast.com\/product\/yoast-seo-wordpress\/ -->\n<title>Hjem - Holt Wilgaard<\/title>\n<meta name=\"robots\" content=\"index, follow, max-snippet:-1, max-image-preview:large, max-video-preview:-1\" \/>\n<link rel=\"canonical\" href=\"https:\/\/holtwilgaard.dk\/\" \/>\n<meta property=\"og:locale\" content=\"da_DK\" \/>\n<meta property=\"og:type\" content=\"article\" \/>\n<meta property=\"og:title\" content=\"Hjem - Holt Wilgaard\" \/>\n<meta property=\"og:description\" content=\"Hvis vi t\u00f8r t\u00e6nke anderledes &#8230;er der en verden af muligheder gemt udenfor. Men det kr\u00e6ver, at vi f\u00e5r genstartet nysgerrigheden og finder den unikke inspiration. Hos Holt Wilgaard udruster vi organisationer &#8211; b\u00e5de professionelt og personligt &#8211; til at s\u00f8ge og finde nye v\u00e6rdifulde indsigter.\u00a0 Kontakt os og h\u00f8r [&hellip;]\" \/>\n<meta property=\"og:url\" content=\"https:\/\/holtwilgaard.dk\/\" \/>\n<meta property=\"og:site_name\" content=\"Holt Wilgaard\" \/>\n<meta property=\"article:publisher\" content=\"https:\/\/www.facebook.com\/profile.php?id=61565740044933\" \/>\n<meta property=\"article:modified_time\" content=\"2026-01-09T16:00:07+00:00\" \/>\n<meta property=\"og:image\" content=\"https:\/\/holtwilgaard.dk\/wp-content\/uploads\/2025\/06\/FutureCrafting-Strategy-People-Structure-768x352.png\" \/>\n<meta name=\"twitter:card\" content=\"summary_large_image\" \/>\n<meta name=\"twitter:label1\" content=\"Estimeret l\u00e6setid\" \/>\n\t<meta name=\"twitter:data1\" content=\"1 minut\" \/>\n<script type=\"application\/ld+json\" class=\"yoast-schema-graph\">{\"@context\":\"https:\\\/\\\/schema.org\",\"@graph\":[{\"@type\":\"WebPage\",\"@id\":\"https:\\\/\\\/holtwilgaard.dk\\\/\",\"url\":\"https:\\\/\\\/holtwilgaard.dk\\\/\",\"name\":\"Hjem - Holt Wilgaard\",\"isPartOf\":{\"@id\":\"https:\\\/\\\/holtwilgaard.dk\\\/#website\"},\"primaryImageOfPage\":{\"@id\":\"https:\\\/\\\/holtwilgaard.dk\\\/#primaryimage\"},\"image\":{\"@id\":\"https:\\\/\\\/holtwilgaard.dk\\\/#primaryimage\"},\"thumbnailUrl\":\"https:\\\/\\\/holtwilgaard.dk\\\/wp-content\\\/uploads\\\/2025\\\/06\\\/FutureCrafting-Strategy-People-Structure-768x352.png\",\"datePublished\":\"2024-07-17T18:25:58+00:00\",\"dateModified\":\"2026-01-09T16:00:07+00:00\",\"breadcrumb\":{\"@id\":\"https:\\\/\\\/holtwilgaard.dk\\\/#breadcrumb\"},\"inLanguage\":\"da-DK\",\"potentialAction\":[{\"@type\":\"ReadAction\",\"target\":[\"https:\\\/\\\/holtwilgaard.dk\\\/\"]}]},{\"@type\":\"ImageObject\",\"inLanguage\":\"da-DK\",\"@id\":\"https:\\\/\\\/holtwilgaard.dk\\\/#primaryimage\",\"url\":\"https:\\\/\\\/holtwilgaard.dk\\\/wp-content\\\/uploads\\\/2025\\\/06\\\/FutureCrafting-Strategy-People-Structure.png\",\"contentUrl\":\"https:\\\/\\\/holtwilgaard.dk\\\/wp-content\\\/uploads\\\/2025\\\/06\\\/FutureCrafting-Strategy-People-Structure.png\",\"width\":1024,\"height\":469,\"caption\":\"Model for the three dimensions of Futurecrafting\"},{\"@type\":\"BreadcrumbList\",\"@id\":\"https:\\\/\\\/holtwilgaard.dk\\\/#breadcrumb\",\"itemListElement\":[{\"@type\":\"ListItem\",\"position\":1,\"name\":\"Hjem\",\"item\":\"https:\\\/\\\/holtwilgaard.dk\\\/\"},{\"@type\":\"ListItem\",\"position\":2,\"name\":\"Hjem\"}]},{\"@type\":\"WebSite\",\"@id\":\"https:\\\/\\\/holtwilgaard.dk\\\/#website\",\"url\":\"https:\\\/\\\/holtwilgaard.dk\\\/\",\"name\":\"Holt Wilgaard\",\"description\":\"inspiration til nye tanker\",\"publisher\":{\"@id\":\"https:\\\/\\\/holtwilgaard.dk\\\/#organization\"},\"alternateName\":\"HW\",\"potentialAction\":[{\"@type\":\"SearchAction\",\"target\":{\"@type\":\"EntryPoint\",\"urlTemplate\":\"https:\\\/\\\/holtwilgaard.dk\\\/?s={search_term_string}\"},\"query-input\":{\"@type\":\"PropertyValueSpecification\",\"valueRequired\":true,\"valueName\":\"search_term_string\"}}],\"inLanguage\":\"da-DK\"},{\"@type\":\"Organization\",\"@id\":\"https:\\\/\\\/holtwilgaard.dk\\\/#organization\",\"name\":\"Holt Wilgaard I\\\/S\",\"alternateName\":\"HW\",\"url\":\"https:\\\/\\\/holtwilgaard.dk\\\/\",\"logo\":{\"@type\":\"ImageObject\",\"inLanguage\":\"da-DK\",\"@id\":\"https:\\\/\\\/holtwilgaard.dk\\\/#\\\/schema\\\/logo\\\/image\\\/\",\"url\":\"https:\\\/\\\/holtwilgaard.dk\\\/wp-content\\\/uploads\\\/2024\\\/08\\\/cropped-IMG_3770_sort.png\",\"contentUrl\":\"https:\\\/\\\/holtwilgaard.dk\\\/wp-content\\\/uploads\\\/2024\\\/08\\\/cropped-IMG_3770_sort.png\",\"width\":3602,\"height\":1603,\"caption\":\"Holt Wilgaard I\\\/S\"},\"image\":{\"@id\":\"https:\\\/\\\/holtwilgaard.dk\\\/#\\\/schema\\\/logo\\\/image\\\/\"},\"sameAs\":[\"https:\\\/\\\/www.facebook.com\\\/profile.php?id=61565740044933\",\"https:\\\/\\\/www.linkedin.com\\\/in\\\/line-holt-wilgaard-3075a712\\\/\"]}]}<\/script>\n<!-- \/ Yoast SEO plugin. -->","yoast_head_json":{"title":"Hjem - Holt Wilgaard","robots":{"index":"index","follow":"follow","max-snippet":"max-snippet:-1","max-image-preview":"max-image-preview:large","max-video-preview":"max-video-preview:-1"},"canonical":"https:\/\/holtwilgaard.dk\/","og_locale":"da_DK","og_type":"article","og_title":"Hjem - Holt Wilgaard","og_description":"Hvis vi t\u00f8r t\u00e6nke anderledes &#8230;er der en verden af muligheder gemt udenfor. Men det kr\u00e6ver, at vi f\u00e5r genstartet nysgerrigheden og finder den unikke inspiration. Hos Holt Wilgaard udruster vi organisationer &#8211; b\u00e5de professionelt og personligt &#8211; til at s\u00f8ge og finde nye v\u00e6rdifulde indsigter.\u00a0 Kontakt os og h\u00f8r [&hellip;]","og_url":"https:\/\/holtwilgaard.dk\/","og_site_name":"Holt Wilgaard","article_publisher":"https:\/\/www.facebook.com\/profile.php?id=61565740044933","article_modified_time":"2026-01-09T16:00:07+00:00","og_image":[{"url":"https:\/\/holtwilgaard.dk\/wp-content\/uploads\/2025\/06\/FutureCrafting-Strategy-People-Structure-768x352.png","type":"","width":"","height":""}],"twitter_card":"summary_large_image","twitter_misc":{"Estimeret l\u00e6setid":"1 minut"},"schema":{"@context":"https:\/\/schema.org","@graph":[{"@type":"WebPage","@id":"https:\/\/holtwilgaard.dk\/","url":"https:\/\/holtwilgaard.dk\/","name":"Hjem - Holt Wilgaard","isPartOf":{"@id":"https:\/\/holtwilgaard.dk\/#website"},"primaryImageOfPage":{"@id":"https:\/\/holtwilgaard.dk\/#primaryimage"},"image":{"@id":"https:\/\/holtwilgaard.dk\/#primaryimage"},"thumbnailUrl":"https:\/\/holtwilgaard.dk\/wp-content\/uploads\/2025\/06\/FutureCrafting-Strategy-People-Structure-768x352.png","datePublished":"2024-07-17T18:25:58+00:00","dateModified":"2026-01-09T16:00:07+00:00","breadcrumb":{"@id":"https:\/\/holtwilgaard.dk\/#breadcrumb"},"inLanguage":"da-DK","potentialAction":[{"@type":"ReadAction","target":["https:\/\/holtwilgaard.dk\/"]}]},{"@type":"ImageObject","inLanguage":"da-DK","@id":"https:\/\/holtwilgaard.dk\/#primaryimage","url":"https:\/\/holtwilgaard.dk\/wp-content\/uploads\/2025\/06\/FutureCrafting-Strategy-People-Structure.png","contentUrl":"https:\/\/holtwilgaard.dk\/wp-content\/uploads\/2025\/06\/FutureCrafting-Strategy-People-Structure.png","width":1024,"height":469,"caption":"Model for the three dimensions of Futurecrafting"},{"@type":"BreadcrumbList","@id":"https:\/\/holtwilgaard.dk\/#breadcrumb","itemListElement":[{"@type":"ListItem","position":1,"name":"Hjem","item":"https:\/\/holtwilgaard.dk\/"},{"@type":"ListItem","position":2,"name":"Hjem"}]},{"@type":"WebSite","@id":"https:\/\/holtwilgaard.dk\/#website","url":"https:\/\/holtwilgaard.dk\/","name":"Holt Wilgaard","description":"inspiration til nye tanker","publisher":{"@id":"https:\/\/holtwilgaard.dk\/#organization"},"alternateName":"HW","potentialAction":[{"@type":"SearchAction","target":{"@type":"EntryPoint","urlTemplate":"https:\/\/holtwilgaard.dk\/?s={search_term_string}"},"query-input":{"@type":"PropertyValueSpecification","valueRequired":true,"valueName":"search_term_string"}}],"inLanguage":"da-DK"},{"@type":"Organization","@id":"https:\/\/holtwilgaard.dk\/#organization","name":"Holt Wilgaard I\/S","alternateName":"HW","url":"https:\/\/holtwilgaard.dk\/","logo":{"@type":"ImageObject","inLanguage":"da-DK","@id":"https:\/\/holtwilgaard.dk\/#\/schema\/logo\/image\/","url":"https:\/\/holtwilgaard.dk\/wp-content\/uploads\/2024\/08\/cropped-IMG_3770_sort.png","contentUrl":"https:\/\/holtwilgaard.dk\/wp-content\/uploads\/2024\/08\/cropped-IMG_3770_sort.png","width":3602,"height":1603,"caption":"Holt Wilgaard I\/S"},"image":{"@id":"https:\/\/holtwilgaard.dk\/#\/schema\/logo\/image\/"},"sameAs":["https:\/\/www.facebook.com\/profile.php?id=61565740044933","https:\/\/www.linkedin.com\/in\/line-holt-wilgaard-3075a712\/"]}]}},"uagb_featured_image_src":{"full":false,"thumbnail":false,"medium":false,"medium_large":false,"large":false,"1536x1536":false,"2048x2048":false,"hestia-blog":false},"uagb_author_info":{"display_name":"admin","author_link":"https:\/\/holtwilgaard.dk\/index.php\/author\/admin\/"},"uagb_comment_info":0,"uagb_excerpt":"Hvis vi t\u00f8r t\u00e6nke anderledes &#8230;er der en verden af muligheder gemt udenfor. Men det kr\u00e6ver, at vi f\u00e5r genstartet nysgerrigheden og finder den unikke inspiration. Hos Holt Wilgaard udruster vi organisationer &#8211; b\u00e5de professionelt og personligt &#8211; til at s\u00f8ge og finde nye v\u00e6rdifulde indsigter.\u00a0 Kontakt os og h\u00f8r [&hellip;]","_links":{"self":[{"href":"https:\/\/holtwilgaard.dk\/index.php\/wp-json\/wp\/v2\/pages\/24","targetHints":{"allow":["GET"]}}],"collection":[{"href":"https:\/\/holtwilgaard.dk\/index.php\/wp-json\/wp\/v2\/pages"}],"about":[{"href":"https:\/\/holtwilgaard.dk\/index.php\/wp-json\/wp\/v2\/types\/page"}],"author":[{"embeddable":true,"href":"https:\/\/holtwilgaard.dk\/index.php\/wp-json\/wp\/v2\/users\/1"}],"replies":[{"embeddable":true,"href":"https:\/\/holtwilgaard.dk\/index.php\/wp-json\/wp\/v2\/comments?post=24"}],"version-history":[{"count":311,"href":"https:\/\/holtwilgaard.dk\/index.php\/wp-json\/wp\/v2\/pages\/24\/revisions"}],"predecessor-version":[{"id":2950,"href":"https:\/\/holtwilgaard.dk\/index.php\/wp-json\/wp\/v2\/pages\/24\/revisions\/2950"}],"wp:attachment":[{"href":"https:\/\/holtwilgaard.dk\/index.php\/wp-json\/wp\/v2\/media?parent=24"}],"curies":[{"name":"wp","href":"https:\/\/api.w.org\/{rel}","templated":true}]}}