{"id":109,"date":"2024-07-18T07:41:24","date_gmt":"2024-07-18T07:41:24","guid":{"rendered":"https:\/\/holtwilgaard.dk\/?page_id=109"},"modified":"2024-09-30T14:32:36","modified_gmt":"2024-09-30T14:32:36","slug":"gaa-hjem-moeder","status":"publish","type":"page","link":"https:\/\/holtwilgaard.dk\/index.php\/gaa-hjem-moeder\/","title":{"rendered":"G\u00e5-hjem-m\u00f8der"},"content":{"rendered":"\n<h3 class=\"wp-block-heading has-text-align-center\">F\u00e5 inspiration til mere<\/h3>\n\n\n\n<p class=\"has-text-align-center\">Et energifyldt G\u00e5-hjem-m\u00f8de under teamet: Men hvad nu hvis&#8230;<\/p>\n\n\n\n<div class=\"wp-block-uagb-container uagb-block-pohwbrhm alignfull uagb-is-root-container\"><div class=\"uagb-container-inner-blocks-wrap\">\n<div class=\"wp-block-uagb-container uagb-block-4vepspmz\">\n<div class=\"wp-block-uagb-container uagb-block-8w8x2sxn\">\n<div class=\"wp-block-uagb-info-box uagb-block-51amdznj uagb-infobox__content-wrap  uagb-infobox-icon-above-title uagb-infobox-image-valign-top\"><div class=\"uagb-ifb-content\"><div class=\"uagb-ifb-title-wrap\"><\/div><p class=\"uagb-ifb-desc\">Som en underholdende og tankev\u00e6kkende afslutning p\u00e5 dagen med m\u00e5let at genstarte nysgerrigheden.<\/p><\/div><\/div>\n\n\n\n<div class=\"wp-block-uagb-image uagb-block-b5c3780b wp-block-uagb-image--layout-default wp-block-uagb-image--effect-static wp-block-uagb-image--align-none\"><figure class=\"wp-block-uagb-image__figure\"><img loading=\"lazy\" decoding=\"async\" srcset=\"https:\/\/holtwilgaard.dk\/wp-content\/uploads\/2024\/09\/iStock-2167275401-1-1024x683.jpg ,https:\/\/holtwilgaard.dk\/wp-content\/uploads\/2024\/09\/iStock-2167275401-1.jpg 780w, https:\/\/holtwilgaard.dk\/wp-content\/uploads\/2024\/09\/iStock-2167275401-1.jpg 360w\" sizes=\"auto, (max-width: 480px) 150px\" src=\"https:\/\/holtwilgaard.dk\/wp-content\/uploads\/2024\/09\/iStock-2167275401-1-1024x683.jpg\" alt=\"\" class=\"uag-image-1921\" width=\"1024\" height=\"683\" title=\"Happy people clapping and supporting each other in a workshop setting\" loading=\"lazy\" role=\"img\"\/><\/figure><\/div>\n<\/div>\n\n\n\n<div class=\"wp-block-uagb-container uagb-block-wva3dxeg\">\n<div class=\"wp-block-uagb-info-box uagb-block-pl7mb26q uagb-infobox__content-wrap  uagb-infobox-icon-above-title uagb-infobox-image-valign-top\"><div class=\"uagb-ifb-content\"><div class=\"uagb-ifb-title-wrap\"><\/div><p class=\"uagb-ifb-desc\">I kommer til at m\u00f8de <strong>Rosa og Gunnar<\/strong>. Rosa er lidt flyvsk, hvorimod Gunnar ikke flyver nogen steder. De k\u00e6mper med de virkelige problemer med at balancere de modsatrettede s\u00e6rinteresser fra kollegaer og bagland.<\/p><\/div><\/div>\n<\/div>\n<\/div>\n<\/div><\/div>\n\n\n\n<p class=\"has-text-align-center\"><a href=\"https:\/\/holtwilgaard.dk\/index.php\/forespoerg-om-gaa-hjem-moede\/\">Foresp\u00f8rg om <strong>G\u00e5-hjem-m\u00f8de<\/strong><\/a><\/p>\n\n\n\n<div style=\"height:100px\" aria-hidden=\"true\" class=\"wp-block-spacer\"><\/div>\n","protected":false},"excerpt":{"rendered":"<p>F\u00e5 inspiration til mere Et energifyldt G\u00e5-hjem-m\u00f8de under teamet: Men hvad nu hvis&#8230; Foresp\u00f8rg om G\u00e5-hjem-m\u00f8de<\/p>\n","protected":false},"author":1,"featured_media":0,"parent":0,"menu_order":0,"comment_status":"closed","ping_status":"closed","template":"","meta":{"_uag_custom_page_level_css":"","footnotes":""},"class_list":["post-109","page","type-page","status-publish","hentry"],"yoast_head":"<!-- This site is optimized with the Yoast SEO plugin v27.5 - https:\/\/yoast.com\/product\/yoast-seo-wordpress\/ -->\n<title>G\u00e5-hjem-m\u00f8der - Holt Wilgaard<\/title>\n<meta name=\"robots\" content=\"index, follow, max-snippet:-1, max-image-preview:large, max-video-preview:-1\" \/>\n<link rel=\"canonical\" href=\"https:\/\/holtwilgaard.dk\/index.php\/gaa-hjem-moeder\/\" \/>\n<meta property=\"og:locale\" content=\"da_DK\" \/>\n<meta property=\"og:type\" content=\"article\" \/>\n<meta property=\"og:title\" content=\"G\u00e5-hjem-m\u00f8der - Holt Wilgaard\" \/>\n<meta property=\"og:description\" content=\"F\u00e5 inspiration til mere Et energifyldt G\u00e5-hjem-m\u00f8de under teamet: Men hvad nu hvis&#8230; Foresp\u00f8rg om G\u00e5-hjem-m\u00f8de\" \/>\n<meta property=\"og:url\" content=\"https:\/\/holtwilgaard.dk\/index.php\/gaa-hjem-moeder\/\" \/>\n<meta property=\"og:site_name\" content=\"Holt Wilgaard\" \/>\n<meta property=\"article:publisher\" content=\"https:\/\/www.facebook.com\/profile.php?id=61565740044933\" \/>\n<meta property=\"article:modified_time\" content=\"2024-09-30T14:32:36+00:00\" \/>\n<meta property=\"og:image\" content=\"https:\/\/holtwilgaard.dk\/wp-content\/uploads\/2024\/09\/iStock-2167275401-1-1024x683.jpg\" \/>\n<meta name=\"twitter:card\" content=\"summary_large_image\" \/>\n<script type=\"application\/ld+json\" class=\"yoast-schema-graph\">{\"@context\":\"https:\\\/\\\/schema.org\",\"@graph\":[{\"@type\":\"WebPage\",\"@id\":\"https:\\\/\\\/holtwilgaard.dk\\\/index.php\\\/gaa-hjem-moeder\\\/\",\"url\":\"https:\\\/\\\/holtwilgaard.dk\\\/index.php\\\/gaa-hjem-moeder\\\/\",\"name\":\"G\u00e5-hjem-m\u00f8der - Holt Wilgaard\",\"isPartOf\":{\"@id\":\"https:\\\/\\\/holtwilgaard.dk\\\/#website\"},\"primaryImageOfPage\":{\"@id\":\"https:\\\/\\\/holtwilgaard.dk\\\/index.php\\\/gaa-hjem-moeder\\\/#primaryimage\"},\"image\":{\"@id\":\"https:\\\/\\\/holtwilgaard.dk\\\/index.php\\\/gaa-hjem-moeder\\\/#primaryimage\"},\"thumbnailUrl\":\"https:\\\/\\\/holtwilgaard.dk\\\/wp-content\\\/uploads\\\/2024\\\/09\\\/iStock-2167275401-1-1024x683.jpg\",\"datePublished\":\"2024-07-18T07:41:24+00:00\",\"dateModified\":\"2024-09-30T14:32:36+00:00\",\"breadcrumb\":{\"@id\":\"https:\\\/\\\/holtwilgaard.dk\\\/index.php\\\/gaa-hjem-moeder\\\/#breadcrumb\"},\"inLanguage\":\"da-DK\",\"potentialAction\":[{\"@type\":\"ReadAction\",\"target\":[\"https:\\\/\\\/holtwilgaard.dk\\\/index.php\\\/gaa-hjem-moeder\\\/\"]}]},{\"@type\":\"ImageObject\",\"inLanguage\":\"da-DK\",\"@id\":\"https:\\\/\\\/holtwilgaard.dk\\\/index.php\\\/gaa-hjem-moeder\\\/#primaryimage\",\"url\":\"https:\\\/\\\/holtwilgaard.dk\\\/wp-content\\\/uploads\\\/2024\\\/09\\\/iStock-2167275401-1.jpg\",\"contentUrl\":\"https:\\\/\\\/holtwilgaard.dk\\\/wp-content\\\/uploads\\\/2024\\\/09\\\/iStock-2167275401-1.jpg\",\"width\":2120,\"height\":1414,\"caption\":\"A group of happy people clapping, showing support and encouragement in a workshop environment with a positive atmosphere.\"},{\"@type\":\"BreadcrumbList\",\"@id\":\"https:\\\/\\\/holtwilgaard.dk\\\/index.php\\\/gaa-hjem-moeder\\\/#breadcrumb\",\"itemListElement\":[{\"@type\":\"ListItem\",\"position\":1,\"name\":\"Hjem\",\"item\":\"https:\\\/\\\/holtwilgaard.dk\\\/\"},{\"@type\":\"ListItem\",\"position\":2,\"name\":\"G\u00e5-hjem-m\u00f8der\"}]},{\"@type\":\"WebSite\",\"@id\":\"https:\\\/\\\/holtwilgaard.dk\\\/#website\",\"url\":\"https:\\\/\\\/holtwilgaard.dk\\\/\",\"name\":\"Holt Wilgaard\",\"description\":\"inspiration til nye tanker\",\"publisher\":{\"@id\":\"https:\\\/\\\/holtwilgaard.dk\\\/#organization\"},\"alternateName\":\"HW\",\"potentialAction\":[{\"@type\":\"SearchAction\",\"target\":{\"@type\":\"EntryPoint\",\"urlTemplate\":\"https:\\\/\\\/holtwilgaard.dk\\\/?s={search_term_string}\"},\"query-input\":{\"@type\":\"PropertyValueSpecification\",\"valueRequired\":true,\"valueName\":\"search_term_string\"}}],\"inLanguage\":\"da-DK\"},{\"@type\":\"Organization\",\"@id\":\"https:\\\/\\\/holtwilgaard.dk\\\/#organization\",\"name\":\"Holt Wilgaard I\\\/S\",\"alternateName\":\"HW\",\"url\":\"https:\\\/\\\/holtwilgaard.dk\\\/\",\"logo\":{\"@type\":\"ImageObject\",\"inLanguage\":\"da-DK\",\"@id\":\"https:\\\/\\\/holtwilgaard.dk\\\/#\\\/schema\\\/logo\\\/image\\\/\",\"url\":\"https:\\\/\\\/holtwilgaard.dk\\\/wp-content\\\/uploads\\\/2024\\\/08\\\/cropped-IMG_3770_sort.png\",\"contentUrl\":\"https:\\\/\\\/holtwilgaard.dk\\\/wp-content\\\/uploads\\\/2024\\\/08\\\/cropped-IMG_3770_sort.png\",\"width\":3602,\"height\":1603,\"caption\":\"Holt Wilgaard I\\\/S\"},\"image\":{\"@id\":\"https:\\\/\\\/holtwilgaard.dk\\\/#\\\/schema\\\/logo\\\/image\\\/\"},\"sameAs\":[\"https:\\\/\\\/www.facebook.com\\\/profile.php?id=61565740044933\",\"https:\\\/\\\/www.linkedin.com\\\/in\\\/line-holt-wilgaard-3075a712\\\/\"]}]}<\/script>\n<!-- \/ Yoast SEO plugin. -->","yoast_head_json":{"title":"G\u00e5-hjem-m\u00f8der - Holt Wilgaard","robots":{"index":"index","follow":"follow","max-snippet":"max-snippet:-1","max-image-preview":"max-image-preview:large","max-video-preview":"max-video-preview:-1"},"canonical":"https:\/\/holtwilgaard.dk\/index.php\/gaa-hjem-moeder\/","og_locale":"da_DK","og_type":"article","og_title":"G\u00e5-hjem-m\u00f8der - Holt Wilgaard","og_description":"F\u00e5 inspiration til mere Et energifyldt G\u00e5-hjem-m\u00f8de under teamet: Men hvad nu hvis&#8230; Foresp\u00f8rg om G\u00e5-hjem-m\u00f8de","og_url":"https:\/\/holtwilgaard.dk\/index.php\/gaa-hjem-moeder\/","og_site_name":"Holt Wilgaard","article_publisher":"https:\/\/www.facebook.com\/profile.php?id=61565740044933","article_modified_time":"2024-09-30T14:32:36+00:00","og_image":[{"url":"https:\/\/holtwilgaard.dk\/wp-content\/uploads\/2024\/09\/iStock-2167275401-1-1024x683.jpg","type":"","width":"","height":""}],"twitter_card":"summary_large_image","schema":{"@context":"https:\/\/schema.org","@graph":[{"@type":"WebPage","@id":"https:\/\/holtwilgaard.dk\/index.php\/gaa-hjem-moeder\/","url":"https:\/\/holtwilgaard.dk\/index.php\/gaa-hjem-moeder\/","name":"G\u00e5-hjem-m\u00f8der - Holt Wilgaard","isPartOf":{"@id":"https:\/\/holtwilgaard.dk\/#website"},"primaryImageOfPage":{"@id":"https:\/\/holtwilgaard.dk\/index.php\/gaa-hjem-moeder\/#primaryimage"},"image":{"@id":"https:\/\/holtwilgaard.dk\/index.php\/gaa-hjem-moeder\/#primaryimage"},"thumbnailUrl":"https:\/\/holtwilgaard.dk\/wp-content\/uploads\/2024\/09\/iStock-2167275401-1-1024x683.jpg","datePublished":"2024-07-18T07:41:24+00:00","dateModified":"2024-09-30T14:32:36+00:00","breadcrumb":{"@id":"https:\/\/holtwilgaard.dk\/index.php\/gaa-hjem-moeder\/#breadcrumb"},"inLanguage":"da-DK","potentialAction":[{"@type":"ReadAction","target":["https:\/\/holtwilgaard.dk\/index.php\/gaa-hjem-moeder\/"]}]},{"@type":"ImageObject","inLanguage":"da-DK","@id":"https:\/\/holtwilgaard.dk\/index.php\/gaa-hjem-moeder\/#primaryimage","url":"https:\/\/holtwilgaard.dk\/wp-content\/uploads\/2024\/09\/iStock-2167275401-1.jpg","contentUrl":"https:\/\/holtwilgaard.dk\/wp-content\/uploads\/2024\/09\/iStock-2167275401-1.jpg","width":2120,"height":1414,"caption":"A group of happy people clapping, showing support and encouragement in a workshop environment with a positive atmosphere."},{"@type":"BreadcrumbList","@id":"https:\/\/holtwilgaard.dk\/index.php\/gaa-hjem-moeder\/#breadcrumb","itemListElement":[{"@type":"ListItem","position":1,"name":"Hjem","item":"https:\/\/holtwilgaard.dk\/"},{"@type":"ListItem","position":2,"name":"G\u00e5-hjem-m\u00f8der"}]},{"@type":"WebSite","@id":"https:\/\/holtwilgaard.dk\/#website","url":"https:\/\/holtwilgaard.dk\/","name":"Holt Wilgaard","description":"inspiration til nye tanker","publisher":{"@id":"https:\/\/holtwilgaard.dk\/#organization"},"alternateName":"HW","potentialAction":[{"@type":"SearchAction","target":{"@type":"EntryPoint","urlTemplate":"https:\/\/holtwilgaard.dk\/?s={search_term_string}"},"query-input":{"@type":"PropertyValueSpecification","valueRequired":true,"valueName":"search_term_string"}}],"inLanguage":"da-DK"},{"@type":"Organization","@id":"https:\/\/holtwilgaard.dk\/#organization","name":"Holt Wilgaard I\/S","alternateName":"HW","url":"https:\/\/holtwilgaard.dk\/","logo":{"@type":"ImageObject","inLanguage":"da-DK","@id":"https:\/\/holtwilgaard.dk\/#\/schema\/logo\/image\/","url":"https:\/\/holtwilgaard.dk\/wp-content\/uploads\/2024\/08\/cropped-IMG_3770_sort.png","contentUrl":"https:\/\/holtwilgaard.dk\/wp-content\/uploads\/2024\/08\/cropped-IMG_3770_sort.png","width":3602,"height":1603,"caption":"Holt Wilgaard I\/S"},"image":{"@id":"https:\/\/holtwilgaard.dk\/#\/schema\/logo\/image\/"},"sameAs":["https:\/\/www.facebook.com\/profile.php?id=61565740044933","https:\/\/www.linkedin.com\/in\/line-holt-wilgaard-3075a712\/"]}]}},"uagb_featured_image_src":{"full":false,"thumbnail":false,"medium":false,"medium_large":false,"large":false,"1536x1536":false,"2048x2048":false,"hestia-blog":false},"uagb_author_info":{"display_name":"admin","author_link":"https:\/\/holtwilgaard.dk\/index.php\/author\/admin\/"},"uagb_comment_info":0,"uagb_excerpt":"F\u00e5 inspiration til mere Et energifyldt G\u00e5-hjem-m\u00f8de under teamet: Men hvad nu hvis&#8230; Foresp\u00f8rg om G\u00e5-hjem-m\u00f8de","_links":{"self":[{"href":"https:\/\/holtwilgaard.dk\/index.php\/wp-json\/wp\/v2\/pages\/109","targetHints":{"allow":["GET"]}}],"collection":[{"href":"https:\/\/holtwilgaard.dk\/index.php\/wp-json\/wp\/v2\/pages"}],"about":[{"href":"https:\/\/holtwilgaard.dk\/index.php\/wp-json\/wp\/v2\/types\/page"}],"author":[{"embeddable":true,"href":"https:\/\/holtwilgaard.dk\/index.php\/wp-json\/wp\/v2\/users\/1"}],"replies":[{"embeddable":true,"href":"https:\/\/holtwilgaard.dk\/index.php\/wp-json\/wp\/v2\/comments?post=109"}],"version-history":[{"count":68,"href":"https:\/\/holtwilgaard.dk\/index.php\/wp-json\/wp\/v2\/pages\/109\/revisions"}],"predecessor-version":[{"id":2016,"href":"https:\/\/holtwilgaard.dk\/index.php\/wp-json\/wp\/v2\/pages\/109\/revisions\/2016"}],"wp:attachment":[{"href":"https:\/\/holtwilgaard.dk\/index.php\/wp-json\/wp\/v2\/media?parent=109"}],"curies":[{"name":"wp","href":"https:\/\/api.w.org\/{rel}","templated":true}]}}